0
What is 41330042 (base 5) in base 3?
122020120021
103233534 (base 7) to base 9
12527663
Convert 10002132012 (base 4) to base 13.
2b0b60
-15ba50 (base 14) to base 12
-30905a
Convert -3111 (base 16) to base 3.
-122020020
133320042 (base 6) to base 15
3809c8
Convert -30e24 (base 15) to base 2.
-100101110110110011
355044 (base 6) to base 2
111100011000100
Convert -12aa349 (base 11) to base 12.
-908347
What is 23221111 (base 5) in base 2?
110011011101011101
-21221121023 (base 4) to base 15
-34e448
-5141e2 (base 16) to base 3
-101000112220200
75039 (base 15) to base 6
11543000
What is -10540142 (base 6) in base 4?
-1033013132
-14587 (base 9) to base 14
-38b7
What is -1888093 (base 10) in base 3?
-10112220222101
372c7 (base 13) to base 12
4a937
-124434342 (base 5) to base 7
-5210153
-6310583 (base 10) to base 15
-849c08
-110000001000101001 (base 2) to base 14
-51bcd
-3356b8 (base 13) to base 8
-4476500
-22220332 (base 4) to base 16
-aa3e
Convert -451640 (base 7) to base 10.
-79898
1740298 (base 11) to base 2
1011010010001000000111
What is -9a5892 (base 15) in base 9?
-14756222
What is -39126 (base 10) in base 8?
-114326
What is 2122022110001 (base 3) in base 5?
324404100
What is -5143502 (base 7) in base 6?
-21111312
Convert -aa9070 (base 12) to base 13.
-73c13a
-10b2907 (base 13) to base 16
-4e8916
What is 5797a (base 14) in base 5?
23310120
What is 110002012002122 (base 3) in base 16?
61f796
-453040 (base 11) to base 3
-1100122122020
-305a71 (base 16) to base 5
-1302401011
Convert 1c2173 (base 16) to base 7.
21445562
Convert 3672a0 (base 15) to base 8.
11742024
What is 7162 (base 12) in base 9?
17802
65877 (base 16) to base 3
210010110100
Convert 10200101001002 (base 3) to base 7.
22424303
What is -951d (base 14) in base 12?
-12a5b
Convert 3352002 (base 9) to base 8.
6706647
-22a64 (base 15) to base 11
-759a3
-34b6 (base 12) to base 7
-23124
Convert 10342440301 (base 5) to base 16.
ac5e46
Convert 1043132444 (base 6) to base 7.
165320302
-1473521 (base 8) to base 6
-13025505
Convert 330120 (base 7) to base 12.
29473
What is 1000212121202 (base 3) in base 8?
2057464
What is 33112211 (base 4) in base 11?
43279
Convert -2212100221021 (base 3) to base 2.
-101110011110010010010
Convert 45216 (base 8) to base 15.
59c6
32522452 (base 6) to base 12
3b0428
Convert 5405450 (base 7) to base 5.
132014134
What is 11001001010111111 (base 2) in base 16?
192bf
What is 145085 (base 9) in base 2?
10101101110110111
1211514313 (base 6) to base 11
7879727
Convert 4116445 (base 10) to base 4.
33230333131
-1936595 (base 12) to base 2
-10100001101101011000001
What is -1341106 (base 7) in base 11?
-111874
726221 (base 16) to base 13
1726049
What is 3b746 (base 14) in base 4?
203312302
What is 80670 (base 15) in base 12?
177273
-1268214 (base 9) to base 14
-141368
Convert 275753 (base 8) to base 9.
157365
Convert -200002332 (base 4) to base 10.
-131262
What is -5035132 (base 6) in base 9?
-402802
What is 34241201 (base 7) in base 6?
143550525
Convert 2793121 (base 10) to base 16.
2a9ea1
What is 562553 (base 12) in base 11?
858464
Convert -332198 (base 12) to base 8.
-3062604
-25524765 (base 8) to base 11
-322a198
What is -2103123204 (base 5) in base 15?
-5ad6d9
217743 (base 8) to base 5
4324244
What is -12e8c (base 16) in base 7?
-441544
Convert -11344534 (base 6) to base 9.
-602514
220200221111 (base 3) to base 13
1403c2
Convert -22221020212021 (base 3) to base 14.
-8b8781
Convert -b00e3 (base 15) to base 9.
-1038156
Convert 34e681 (base 15) to base 2.
1001101001100001000010
-1011100112010020 (base 3) to base 14
-22da2ab
-102456240 (base 7) to base 13
-134c13c
Convert 394de (base 15) to base 10.
183359
111259 (base 10) to base 8
331233
Convert -278746 (base 12) to base 5.
-132021302
Convert 2354243 (base 6) to base 3.
20022012200
Convert -1f5dd (base 16) to base 10.
-128477
Convert 5724b (base 12) to base 9.
186255
What is 201202 (base 7) in base 4?
20110021
What is -37934 (base 15) in base 7?
-1336465
-1938b (base 15) to base 8
-237616
72301 (base 14) to base 10
274989
Convert a3ac (base 15) to base 13.
12987
What is -30a4ad (base 14) in base 10?
-1641849
-32221113 (base 5) to base 7
-2215513
-10022101122 (base 3) to base 9
-108348
871175 (base 9) to base 3
222101012112
What is 32ab567 (base 13) in base 6?
1312535212
What is -1323360 (base 10) in base 16?
-143160
14448448 (base 9) to base 3
111111122111122
200101100111 (base 3) to base 14
95c1a
415534224 (base 6) to base 14
d75556
What is -750c0 (base 13) in base 8?
-634174
Convert 1a34b (base 12) to base 6.
454135
What is -1959402 (base 12) in base 6?
-310322402
-100001011011010000 (base 2) to base 16
-216d0
-14714036 (base 8) to base 9
-6323215
Convert -2345240 (base 6) to base 16.
-1e078
What is 13042341 (base 5) in base 11?
88064
2450013 (base 6) to base 11
8a395
4047772 (base 9) to base 2
1000001110110010101111
What is -15cec (base 16) in base 10?
-89324
What is -23103041 (base 6) in base 10?
-708289
-c03430 (base 14) to base 13
-1453939
Convert 31256612 (base 7) to base 8.
12034742
231256 (base 16) to base 11
132a954
-38b2c (base 14) to base 4
-202002010
What is 116423613 (base 7) in base 12?
25737a9
40021142 (base 5) to base 13
acb6b
What is -5977516 (base 11) in base 10?
-10419690
Convert -588389 (base 13) to base 16.
-20176d
What is 1917253 (base 12) in base 13?
112173c
Convert 20a59a (base 12) to base 13.
1509c7
1b07d2 (base 15) to base 7
14126426
Convert 3545b (base 15) to base 16.
29708
What is cd552 (base 14) in base 2?
1111001100000110100
What is -14341122 (base 5) in base 9?
-252364
Convert 140012410 (base 5) to base 7.
5661533
What is 1386b (base 15) in base 8?
172273
What is 26730 (base 11) in base 3?
1221022220
What is -10100100110101001010010 (base 2) in base 16?
-526a52
Convert -2212220201002 (base 3) to base 8.
-5663242
Convert -2ba6757 (base 12) to base 13.
-1b078c4
-6b9718 (base 13) to base 12
-a371b6
314433345 (base 6) to base 8
25106501
What is -21433212 (base 5) in base 11?
-118291
-1443223131 (base 5) to base 9
-7267321
78193 (base 14) to base 7
2321643
14555161 (base 7) to base 16
153d72
-a6b764 (base 13) to base 11
-2230489
Convert -13b8b68 (base 14) to base 15.
-c9663e
Convert 39b82 (base 14) to base 11.
97936
Convert 12123110022 (base 4) to base 13.
46cabb
What is -3240013 (base 6) in base 13?
-581c7
1bbec (base 15) to base 11
61a55
What is 101120300 (base 7) in base 5?
3002413311
What is -10674805 (base 9) in base 3?
-100202111220012
Convert 22914 (base 12) to base 14.
12bcc
3111625 (base 7) to base 13
1008ca
18206 (base 12) to base 9
52726
Convert 211b0 (base 15) to base 2.
11001101000110111
Convert -1765276 (base 8) to base 11.
-3248a9
What is c9a41 (base 13) in base 8?
1307330
Convert -23cb0e (base 16) to base 10.
-2345742
What is 262002 (base 7) in base 15?
e673
233103110 (base 4) to base 16
2f4d4
What is 6311726 (base 9) in base 14?
63b68a
351011 (base 7) to base 3
10012010002
Convert -710272 (base 9) to base 15.
-8473b
Convert 63896c (base 13) to base 6.
121555112
-220126534 (base 7) to base 10
-13200625
-2561245 (base 11) to base 10
-4437845
What is 12101303213 (base 4) in base 14?
30bad1
What is 31ab702 (base 13) in base 10?
15162682
What is 20310033133 (base 4) in base 13?
62bc48
142525322 (base 6) to base 9
5463475
-1b42 (base 13) to base 12
-2466
What is 52a23 (base 11) in base 13?
2912c
What is 295c9a (base 13) in base 5?
224402100
-25251432 (base 6) to base 7
-6634511
What is 407458 (base 11) in base 13?
19b92c
-182845 (base 10) to base 12
-89991
What is -cdb817 (base 14) in base 11?
-3a40a93
What is -30691 (base 10) in base 12?
-15917
Convert -24001301 (base 6) to base 15.
-eb431
What is 331551103 (base 6) in base 4?
112301233233
What is 1300243122 (base 5) in base 14?
5b828a
-101001100011100110110 (base 2) to base 10
-1361718
Convert 270233 (base 9) to base 15.
339cc
Convert -100001100011010100 (base 2) to base 14.
-38124
What is -51b632 (base 16) in base 9?
-11061674
What is 1000101212110 (base 3) in base 5?
114224424
-110100001110110101 (base 2) to base 6
-4330245
-6a97d2 (base 14) to base 10
-3637356
Convert 3915bc (base 13) to base 9.
2523845
3430412 (base 6) to base 11
10a623
-34bb5 (base 13) to base 9
-156307
Convert 201424040 (base 5) to base 14.
17186d
What is 1